{"id":12,"date":"2020-03-30T15:18:55","date_gmt":"2020-03-30T15:18:55","guid":{"rendered":"http:\/\/esterlinha.intellego.pt\/?page_id=12"},"modified":"2021-12-08T11:17:52","modified_gmt":"2021-12-08T11:17:52","slug":"sobre","status":"publish","type":"page","link":"https:\/\/esterlinha.intellego.pt\/index.php\/sobre\/","title":{"rendered":"Sobre"},"content":{"rendered":"<p>Bem-vindo ao blog da Esterlinha! Se n\u00e3o sabem o que cozinhar, procurem aqui receitas de pratos saud\u00e1veis e de simples realiza\u00e7\u00e3o. Se tiver algum legume em casa e n\u00e3o sabe o que fazer com ele, fa\u00e7a uma pesquisa do legume que pretende, pode ser que encontre a sua inspira\u00e7\u00e3o! As receitas que aqui vai encontrar s\u00e3o maioritariamente simples e flex\u00edveis tanto ao n\u00edvel das quantidades como ao n\u00edvel dos ingredientes (tirando as de pastelarias, claro).\u00a0 Tamb\u00e9m s\u00e3o \u00f3timas para aproveitamento de restos ou para evitar desperd\u00edcios de frutas e legumes!<\/p>\n<p>Se n\u00e3o gosta de cozinhar, pode ser que aprenda a gostar e que descubra que cozinhar \u00e9 criar iguarias que vai partilhar com as pessoas de quem mais gosta e, assim, criar momentos \u00fanicos e inesquec\u00edveis de conv\u00edvio com o tempero do prato que escolheu para fazer naquela ocasi\u00e3o.<\/p>\n<p>Neste blog, quero dar-vos a conhecer a minha aventura pelo mundo da cozinha, partilhando receitas que fui inventando ou adaptando \u00e0 minha forma de viver: simples, pr\u00e1ticas e saud\u00e1veis. As minhas receitas s\u00e3o variadas e todas t\u00eam como ponto comum deliciar quem as prova e educar o paladar dos mi\u00fados e gra\u00fados para os legumes (que afinal s\u00e3o deliciosos e t\u00e3o f\u00e1ceis de fazer) e para as sobremesas e bolos menos doces, mas n\u00e3o menos deliciosos.<\/p>\n<p>Venha comigo descobrir o meu mundo e fa\u00e7a os mais pequeninos participar nesta aventura provando os pratos que vai experimentando! V\u00e1 dando not\u00edcias!<\/p>\n","protected":false},"excerpt":{"rendered":"<p>Bem-vindo ao blog da Esterlinha! Se n\u00e3o sabem o que cozinhar, procurem aqui receitas de pratos saud\u00e1veis e de simples<\/p>\n","protected":false},"author":1,"featured_media":0,"parent":0,"menu_order":0,"comment_status":"closed","ping_status":"closed","template":"","meta":[],"_links":{"self":[{"href":"https:\/\/esterlinha.intellego.pt\/index.php\/wp-json\/wp\/v2\/pages\/12"}],"collection":[{"href":"https:\/\/esterlinha.intellego.pt\/index.php\/wp-json\/wp\/v2\/pages"}],"about":[{"href":"https:\/\/esterlinha.intellego.pt\/index.php\/wp-json\/wp\/v2\/types\/page"}],"author":[{"embeddable":true,"href":"https:\/\/esterlinha.intellego.pt\/index.php\/wp-json\/wp\/v2\/users\/1"}],"replies":[{"embeddable":true,"href":"https:\/\/esterlinha.intellego.pt\/index.php\/wp-json\/wp\/v2\/comments?post=12"}],"version-history":[{"count":6,"href":"https:\/\/esterlinha.intellego.pt\/index.php\/wp-json\/wp\/v2\/pages\/12\/revisions"}],"predecessor-version":[{"id":828,"href":"https:\/\/esterlinha.intellego.pt\/index.php\/wp-json\/wp\/v2\/pages\/12\/revisions\/828"}],"wp:attachment":[{"href":"https:\/\/esterlinha.intellego.pt\/index.php\/wp-json\/wp\/v2\/media?parent=12"}],"curies":[{"name":"wp","href":"https:\/\/api.w.org\/{rel}","templated":true}]}}